 65 and i.
13
Let k(p) = -1 + p**2 - 10*p + 28*p - 10*p + 23. Let r be k(-5). Let a = 9 + -2. What is the greatest common factor of r and a?
7
Let x = 49 + -25. Let j = 2195 + -2179. Calculate the greatest common factor of x and j.
8
Let r(y) = y**2 - 8*y - 15. Let f be (2/3)/((-20)/300). Let b be r(f). What is the greatest common divisor of b and 15?
15
Let v(a) = 2*a**3 - 23*a**2 + 131*a + 25. Let d be v(6). What is the greatest common divisor of d and 166?
83
Let a be ((-1118)/234 - (-4)/(-18)) + 29. Let l be 5368/28 - 4/(-14). Calculate the highest common factor of l and a.
24
Suppose -10*g = -15*g + 830. Let p be (-4)/(-10) - (-444)/15. Suppose 8*d + p = g. Calculate the highest common factor of d and 119.
17
Let t(h) = h**3 - 2*h**2 + 1. Let n = 1 - -1. Let p be t(n). What is the highest common divisor of 3 and p?
1
Suppose 4*p = 3*p + 3. Let c = -15 + 31. Suppose q = p*q - c. What is the highest common factor of 16 and q?
8
Let c = -878 - -1486. What is the greatest common factor of c and 38?
38
Suppose 5*a = 3 + 7. Suppose -10 = -2*c - 2*m + 2, -8 = a*m. Suppose -2*b + 80 = -b. Calculate the greatest common divisor of b and c.
10
Suppose 2*h = -27 + 37. Suppose 2*q - 7*q + h*i + 780 = 0, 3*i - 812 = -5*q. What is the highest common factor of 40 and q?
40
Let p(g) = -5*g**2 - 34*g - 5. Let f be p(-4). What is the greatest common divisor of 459 and f?
51
Let m(c) = -43*c + 2. Let s be m(9). Let p = s - -553. Calculate the greatest common divisor of 24 and p.
24
Let d(q) = q**3 + 5*q**2 + 5*q + 6. Suppose -8 = 3*t + 4. Let u be d(t). Let h be (-3)/u + (-252)/(-8). What is the highest common divisor of h and 45?
15
Suppose 0 = -5*u - 2*c - 13, 4*u = c - 1 - 12. Let s(x) = -5*x. Let i be s(u). Let a be 2 + 42 - (-3)/3. Calculate the greatest common factor of a and i.
15
Let o be -16*(7 - (190/40 - -6)). Let a be 219/15 - (-4)/10. Calculate the highest common factor of o and a.
15
Suppose 5*r - 2 = 3. Suppose 0 = 5*b - 6*b + 5. Suppose z + 3*w = b, 10 = z + z - 3*w. What is the greatest common factor of r and z?
1
Let f be (-197)/(-3) - 120/45. What is the greatest common factor of 36 and f?
9
Suppose 3 = -d - 0*u - 2*u, -5*u - 14 = 3*d. Let l be 4/(-26) + (-262)/d. Suppose 0 = 2*c - 4*c + 8. What is the greatest common divisor of c and l?
4
Let t = 2946 + -2821. Suppose 109 - 9 = 2*z. Calculate the greatest common divisor of z and t.
25
Suppose -3*a = -6*a + 6. Let n = 97 - a. Suppose 2*c - 97 = n. Calculate the highest common divisor of 12 and c.
12
Suppose 2*n + 9005 = 9101. What is the greatest common divisor of 126 and n?
6
Let w(z) = -139*z - 183. Let v be w(-6). Calculate the highest common divisor of 93 and v.
93
Let s(n) be the third derivative of n**4/24 + 21*n**3/2 - 3*n**2. Suppose -3*h + 7*h = 0. Let b be s(h). Calculate the greatest common divisor of b and 9.
9
Suppose m = -19 + 33. Calculate the highest common divisor of 14 and m.
14
Let j = 205 + -141. Let z(p) = 5*p**2 - 43*p - 6. Let q be z(10). Calculate the highest common factor of j and q.
64
Suppose -6*z = -3*z - 3*q - 147, 5*q = 4*z - 195. What is the highest common divisor of z and 150?
50
Suppose -10 = -3*o - 2*o. Suppose 5*a - 4*b - 100 = 280, -o*b + 10 = 0. Let g be (a/12)/((-2)/(-3)). What is the highest common factor of 5 and g?
5
Let n be (-15)/6*(1 - 15). Suppose -25 = -5*u, u - 30 = -5*i - 0*u. What is the highest common factor of n and i?
5
Suppose 21*l + 16 = 17*l. Let n(h) = -18*h + 28. Let g be n(l). What is the highest common divisor of 20 and g?
20
Let v = 44 + -4. Calculate the greatest common divisor of 1160 and v.
40
Suppose 3*q + 4*w = 80, q - 5*w - 14 = -0*q. Let f = 129 + q. Suppose -2*s + 21 = t, -5*s - 31 = -2*t - 7. What is the highest common factor of t and f?
17
Let s be ((-15)/(-2))/((-6)/8). Let t = s - -18. Suppose -3*k + t*k = 35. What is the greatest common factor of k and 14?
7
Suppose 8*q = 5*q + 6. Suppose -2*x - x = -5*g - 26, -q*x = -4*g - 16. What is the greatest common factor of x and 60?
12
Suppose 13*g - 4*r - 100 = 9*g, -5*g + 131 = -2*r. Calculate the greatest common factor of g and 6.
3
Let h(w) = 2*w + 97. Let n be h(-31). What is the greatest common factor of n and 56?
7
Let z(d) = d**3 + 4*d**2 - 2*d - 1. Let g be z(4). What is the greatest common factor of 21 and g?
7
Let c be (-62)/(-10) - 3/15. Let y(s) = s**3 - 4*s**2 - 3*s + 6. Let q be y(c). Suppose -r - 3*r = -q. Calculate the greatest common factor of r and 3.
3
Let y be 8 + -5 - (-2 - -1). Suppose -4*h + 1 = y*l + 9, h = -5*l - 2. Suppose l*v = -2*v + 48. Calculate the greatest common divisor of 48 and v.
24
Let z be 2/3*9/2. Let f(y) be the first derivative of -2*y**3/3 + 4*y**2 - y - 258. Let j be f(z). Calculate the greatest common factor of 10 and j.
5
Let s be (-16)/(-6)*(-18)/12. Let o be (7 + 1)/s - -12. Let x = 1 + o. Calculate the greatest common factor of x and 1.
1
Suppose 0 = -76*x + 88*x - 11532. What is the greatest common divisor of x and 62?
31
Suppose -f - 170 = -5*q + 4*f, 0 = 4*q - 3*f - 138. Let o = q - -126. Calculate the highest common divisor of 18 and o.
18
Let a(q) = 11 + q**2 + 11*q + 14 - 9 - 3*q. Let h be a(-8). What is the highest common factor of h and 8?
8
Suppose -5*p + 2979 = -3*a, 2*a - 1770 = -3*p - 2*a. Calculate the highest common divisor of p and 66.
66
Let u = -269 - -292. What is the greatest common factor of u and 575?
23
Suppose -11*z = -14*z + 18. What is the highest common divisor of z and 93?
3
Let h(v) = 2*v**2 - 36*v + 56. Let t be h(17). What is the greatest common divisor of t and 1716?
22
Suppose 4*i - 3*d - 447 = 0, i + 8*d = 6*d + 120. Let v = -147 + 223. What is the highest common factor of v and i?
38
Let c = -15 - -33. Suppose 0 = -4*o + c + 10. Let k = -412 - -461. What is the greatest common divisor of k and o?
7
Suppose 58*x + 3536 = 75*x. What is the greatest common divisor of x and 156?
52
Suppose -3*a - 4*h = -1016, 7*h - 10*h = -6. What is the greatest common divisor of a and 231?
21
Let m be 2/6 + (-9082)/57. Let n = m - -169. Calculate the greatest common divisor of 30 and n.
10
Suppose 4*s = 156 + 324. Suppose 0*v - 5*v = -s. Suppose -2*l + 0 = -24. What is the highest common divisor of v and l?
12
Let r = 19 + -17. Let i be -4 + r/((-4)/(-134)). Calculate the greatest common divisor of 7 and i.
7
Let t(f) = -7*f + 5. Let o be t(-2). Let q = 43 - o. What is the greatest common divisor of 12 and q?
12
Let q be -5*(-1)/5 + -11. Let d = q + 11. Suppose 0 = 5*l - 25 - 20. What is the greatest common factor of d and l?
1
Suppose -16 = 4*z - 3*z. Let w = z + 21. Suppose -f = -2*i - 101 - 0, -w*i = -5*f + 490. Calculate the highest common factor of 19 and f.
19
Let x be 4/(48/(-810))*104/(-10). Calculate the highest common divisor of 585 and x.
117
Let v(x) = 9*x + 18. Let b be v(-9). Let d = -50 - b. What is the greatest common factor of d and 143?
13
Suppose 2*t + 3*f - 573 = -t, -t + 193 = 2*f. Let z = -2253 + 2280. Calculate the highest common factor of t and z.
27
Let n(b) = b**2 - 3*b - 199. Let v be n(30). What is the greatest common factor of v and 94?
47
Let v = -976 + 1204. What is the greatest common divisor of 57 and v?
57
Let w = -111 + 351. What is the greatest common divisor of 15 and w?
15
Suppose -9*u + 10*u = 39. Let l be -2 - -4 - -7 - -4. Calculate the highest common divisor of u and l.
13
Suppose 4*t - 5*t = -5*t. Suppose 56*i - 58*i + 112 = t. What is the greatest common divisor of i and 42?
14
Let f be 138 + (-8 + -4)/(-6). Calculate the greatest common factor of 14 and f.
14
Let z be (-24)/(-20)*20/6. Suppose -4*m + z*u + 37 = -u, -2*u = -m + 10. Calculate the highest common factor of m and 40.
8
Let p be (28/(-42))/(4/18). Let z be p - 3/2*-4. Suppose -3*d + d + 27 = -z*k, d - 3*k = 21. Calculate the highest common divisor of d and 48.
6
Suppose 0 = -9*t + 5*t + 4. Let h(j) = 12*j - 1. Let l = -1 + 2. Let n be h(l). What is the highest common divisor of n and t?
1
Let h = 1699 - 1423. What is the greatest common factor of 96 and h?
12
Let b be (-6)/(-10) + 376/40. Calculate the greatest common divisor of 25 and b.
5
Let r = 846 + -740. Calculate the highest common factor of r and 159.
53
Suppose -3*s - 3*p = -321, 3*s + 6*p - 323 = 5*p. What is the greatest common divisor of 60 